v - 4*d - 0*d - 22, -v + 2*d = -4. List the prime factors of v.
2, 7
Let m = 9 + -18. List the prime factors of ((-13)/(-3))/((-3)/m).
13
Let g = 2 - 2. What are the prime factors of 26/(0 + 2 + g)?
13
Let f(m) = 4*m**2 + 19*m + 13. What are the prime factors of f(-8)?
3, 13
Let r = 454 + -261. List the prime factors of r.
193
Let o(i) = -i**2 - i + 10. List the prime factors of o(0).
2, 5
Let l(c) = c**3. Let v = 3 - 1. Let z be l(v). Suppose 7*j = z*j - 16. List the prime factors of j.
2
What are the prime factors of (20/(-6))/(2/(-117))?
3, 5, 13
Suppose -6*i - 17 = -3*s - i, 5*s - 15 = 5*i. Suppose -5*b - 15 = -3*u + 22, -b = -u + 7. Let t = s - b. What are the prime factors of t?
7
Let k = 601 - 409. What are the prime factors of k?
2, 3
Let f(m) = m**3 - 6*m**2 + 7*m - 5. Let s be f(5). Let h be (-2)/s - 72/(-30). Suppose 0 = q - h*q + 5. What are the prime factors of q?
5
Suppose -l + 3*l = 4. Suppose 0 = -4*x - 4*t + 108, 0 = x - 4*t - l - 0. List the prime factors of x.
2, 11
Let j(g) = 5*g**2 + 10*g + 7. Let a be j(-6). Suppose -5*o = s - a, 2*s + 142 = 5*o - 2*s. List the prime factors of o.
2, 13
Let m(t) be the third derivative of t**5/60 + 5*t**4/12 - 2*t**3/3 + 4*t**2. Let w be m(-10). What are the prime factors of ((-45)/10)/(2/w)?
3
Suppose -q + 4*q - m = 5, 3*q - 2*m = 1. Suppose q*t - 36 = -0*l - 3*l, -4*t = 2*l - 48. What are the prime factors of t?
2, 3
Let c(w) = w + 11. Let z be c(-7). Let a be (-22)/(-5) - 2/5. Suppose -64 = -a*n - 4*k, 19 = z*n - 3*k - 10. What are the prime factors of n?
11
Let p = 129 + 19. List the prime factors of p.
2, 37
Suppose -4*w = 1 - 5. Suppose 4*z = 3*o + 27, -2*z - 3*o + w = -2*o. Suppose -8*a = -4*a - d - 37, -z*d - 39 = -3*a. List the prime factors of a.
2
Let b be 116/(-14) + (-4)/(-14). Let w = -4 - 1. Let y = w - b. List the prime factors of y.
3
Suppose -3*y - 2*j + 6*j = -9, 2*y + 2*j - 6 = 0. Suppose -16 + 67 = y*a. Suppose -5*c + 77 = a. List the prime factors of c.
2, 3
Suppose 13*b - 2374 - 941 = 0. What are the prime factors of b?
3, 5, 17
Suppose 18 = k - 4*k. Let v = -5 - k. Let c = v - -4. What are the prime factors of c?
5
Let a(l) = 3*l**2 + 4*l + 2. Let u be a(-2). Suppose -u*q + 40 = -2*q. What are the prime factors of q?
2, 5
Let l = -106 - -158. What are the prime factors of l?
2, 13
Let s(r) = 7*r**2 + 10 - 3 + 7*r + r**3 + 2. Let c be s(-6). Suppose 5*j + u = 22, -c*u = -0*j + 4*j - 22. List the prime factors of j.
2
Let n(q) = 2*q - 10. Let t be n(9). Let h = t + -5. Suppose 3*z + 3*f + h = 0, 3*f = 2*z - 2 - 11. What are the prime factors of z?
2
Let c(o) = -56*o - 3. What are the prime factors of c(-1)?
53
Let s = 27 + -55. Suppose 0 = 4*i + 80 - 4. Let w = i - s. List the prime factors of w.
3
Let s(z) = z**3 + z**2 + z + 2. Suppose 3*u + 13 = 4. Let h be 0 - -1 - (-3)/u. What are the prime factors of s(h)?
2
Let o be (-1 - -7)/((-6)/(-3)). Suppose -14 = b - o*b - 2*h, 0 = -3*b + 5*h - 3. Suppose -44 = -b*a - 0*a. List the prime factors of a.
11
List the prime factors of (-1)/((-2)/46 - 0).
23
What are the prime factors of (-62)/(-3)*(-9)/(-6)?
31
Let j(r) = -2*r**2 - 3*r. Let z be j(-4). What are the prime factors of (-2 + -1)*z/6?
2, 5
Let v = -12 + 45. List the prime factors of v.
3, 11
Let x = 21 - 6. Suppose -3*g + x = -0*g. Suppose 0*p - g = -p. List the prime factors of p.
5
Suppose 2*l - 5*l = -129. List the prime factors of l.
43
What are the prime factors of (72 + (7 - 3))*1?
2, 19
What are the prime factors of ((-2)/4)/(-2*1/1052)?
263
Let k = -5 + 9. Suppose 0 = 5*u - 4*z + 3*z - 134, u - k*z - 23 = 0. What are the prime factors of u?
3
Let f be (-3)/(-2) - (-2)/4. What are the prime factors of (1/f)/((-3)/(-48))?
2
Let a(c) = -2*c + 1. Let y(g) = 5*g - 2. Let n(q) = -14*a(q) - 6*y(q). Let w be n(-4). What are the prime factors of 14*3/w + -2?
5
Let s = 11 - -3. List the prime factors of s.
2, 7
What are the prime factors of (3 - -1) + 56 - 1?
59
Suppose 0*m - 2*m - 4*y = -102, 3*y = -2*m + 99. What are the prime factors of m?
3, 5
Let t(k) = 2*k - 11. Let p be t(-8). Let o = p - -38. List the prime factors of o.
11
Suppose -5*h - w = -6*w, w = 2. Suppose -8 = -h*k + 2. List the prime factors of k.
5
List the prime factors of (8 - -2)/((-6)/(-129)).
5, 43
Let u = 47 - 28. What are the prime factors of u?
19
Let y(q) = 11*q + 1. Let n(v) = 0 - 1 + 6 - 6 - 5*v. Let g(h) = -7*n(h) - 3*y(h). List the prime factors of g(4).
2, 3
Let m(t) = -4*t - 2 + 2 - 2 + 0. List the prime factors of m(-4).
2, 7
Suppose 5*i - 3*k = 23, -4*k = 5*i + k - 15. Suppose -f - f = i. Let z(b) = -3*b - 3. List the prime factors of z(f).
3
Let q(o) be the third derivative of o**6/120 - 7*o**5/60 + o**4/12 + 4*o**3/3 + 6*o**2. What are the prime factors of q(7)?
2, 11
Suppose 9*r + 5 = 4*r. Let i = 7 + 5. Let g = r + i. List the prime factors of g.
11
Let d = 1 + 25. Let u(n) = 2*n**2 - 2*n - 1. Let v be u(2). Suppose 0 = -j - 2 - 1, -x + v*j = -d. List the prime factors of x.
17
Let h = -18 + 39. List the prime factors of h.
3, 7
Suppose 0 = -0*v - 9*v + 711. List the prime factors of v.
79
Let t = 104 - 39. List the prime factors of t.
5, 13
Let l(b) = b**3 - 2*b**2 - 5*b - 2. Let j = 5 - 3. Suppose i + j*v - 1 = 11, 0 = -i - 5*v + 24. What are the prime factors of l(i)?
2, 5
Let i(r) = -r**3 + 4*r**2 + 2*r - 3. Let j be i(4). Suppose k - 4 = -0*k + 3*q, -33 = -4*k - j*q. List the prime factors of k.
7
Suppose 4*h = 3*b - h - 364, -4*h - 8 = 0. List the prime factors of b.
2, 59
Suppose -8 = -y + 5*l, 4*l + 3 = l. Suppose -2*n - y = -1. What are the prime factors of 9/18*(-14)/n?
7
Let x = 15 + -8. Let m be (-68)/10 + x/(-35). Let v(c) = -c**3 - 7*c**2 + 9. What are the prime factors of v(m)?
3
Let p = 25 + -2. List the prime factors of p.
23
Suppose 12 = 2*g + 2*g. Suppose 2*v - 2*w - 40 = 0, v + 10 = 2*v + 4*w. Suppose v = g*d - d. List the prime factors of d.
3
Suppose -3*b = 3*g - 201, 2*g + 49 = b - 27. List the prime factors of b.
2, 5, 7
Let i = 159 + -100. List the prime factors of i.
59
What are the prime factors of (-87)/(-3) + 15/(-5)?
2, 13
Suppose -4*j = j - 20. Suppose j*w = -w. Suppose -4*k - o = -64, 3*o + 2*o = w. List the prime factors of k.
2
Let v = 9 - 4. Let p(x) = x - 5 + v + 2. List the prime factors of p(3).
5
Suppose 4*o - 26 = -3*q, -4*q + q + 16 = 2*o. Let w(k) = -3*k**2 + 3*k**2 - k + k**2. What are the prime factors of w(q)?
2
Let o = 18 + 358. List the prime factors of o.
2, 47
Suppose 5*u + 0 = 20. Suppose 0*i + 4 = i - u*c, 0 = 2*c. Suppose -i*l + 3 = -5. What are the prime factors of l?
2
Suppose y = 5*p - 10, 5*p - 5 = 5*y + 5. Suppose -3 - 7 = -p*q. Suppose 6 = 2*v, q*d + 0*v - 3*v - 6 = 0. What are the prime factors of d?
3
Suppose -5*i - g = -0*g - 217, -2*g + 90 = 2*i. What are the prime factors of i?
43
Let q = -13 - -17. List the prime factors of q.
2
Suppose c + 0*c - g = 92, -5*c + 488 = 2*g. List the prime factors of c.
2, 3
Let h(m) = m**3 + 6*m**2 - 7*m + 10. Let k be ((-3)/2 - 2)*2. What are the prime factors of h(k)?
2, 5
Let r = -265 - -387. What are the prime factors of r?
2, 61
Suppose 20 = -u + 5*j, -2*u - 6 + 18 = 3*j. List the prime factors of (8 + -1 + u)*1.
7
Let p = 36 - 21. What are the prime factors of 9/(-4)*(-160)/p?
2, 3
Let v = -212 - -425. List the prime factors of v.
3, 71
Let s = 3 + -2. Suppose -5*n = -n - 8. Let o = s + n. List the prime factors of o.
3
Suppose 5*d - 3*g + 15 = 2*g, -3*d - 2*g = 4. List the prime factors of (1 + -2)*d*10.
2, 5
Suppose v + 3*z = 103, -93 = -2*v - 4*z + 103. List the prime factors of v.
2, 11
Let c(m) = -2*m - 1. Let h be c(4). Let v be (2/(-3))/((-1)/h). What are the prime factors of 28/v*6/(-4)?
7
Let g = -15 + 20. What are the prime factors of g?
5
Let m(i) = 26*i**3 - i**2 + 2*i - 2. Let q be m(2). Suppose q - 6 = 4*v. List the prime factors of v.
2, 5
Let v be (0 - 2/6)*-6. Suppose 5*n - 2*a + 86 = v*a, -4*a = 4. Let f = 31 + n. What are the prime factors of f?
13
Let t = -2 + -3. Let x = t - -4. What are the prime factors of (18/(-21))/(x/7)?
2, 3
What are the prime factors of (16/40)/((-6)/(-5385))?
359
Let c(o) = o**3 + 12*o**2 - 3*o - 13. List the prime factors of c(-11).
3, 47
Suppose 4*f - 5*n - 733 = 0, 2*f = -f + 2*n + 548. What are the prime factors of f?
2, 7,